.
3
Let s(a) = a**3 + 5*a**2 + 2*a + 1. Give s(-5).
-9
Let m(q) = q**3 - 12*q**2 - 14*q + 4. Give m(13).
-9
Let y(v) = -2*v**2 - 11*v + 47. Calculate y(-9).
-16
Let l(f) = f**3 + 7*f**2 + 5*f - 7. Determine l(-6).
-1
Let p(z) = -z**2 - 7*z - 16. Determine p(-5).
-6
Let o(b) = -b**3 - 6*b**2 - 10*b - 2. Calculate o(-4).
6
Let s(l) = -2*l**2 + 22*l - 37. Determine s(9).
-1
Let u(a) = -2*a**2 - 16*a - 5. What is u(-11)?
-71
Let q(s) = 8*s + 88. Give q(-12).
-8
Let i(k) = -2*k**3 + 15*k**2 + 2*k + 19. Calculate i(8).
-29
Let s(p) = p**2 - 10*p - 18. Calculate s(9).
-27
Let f(i) = -i**3 + 19*i**2 - 18*i - 6. Calculate f(18).
-6
Let y(t) = -2*t**3 + 27*t**2 + 9*t + 62. Give y(14).
-8
Let p(m) = -m**2 + 54*m - 154. Calculate p(51).
-1
Let u(k) = 5*k - 21. Determine u(2).
-11
Let o(t) = 2*t + 5. What is o(-1)?
3
Let k(m) = -13*m + 123. Determine k(10).
-7
Let d(w) = -23*w + 21. Calculate d(1).
-2
Let l(s) = 2*s**2 + 5*s - 3. Determine l(-5).
22
Let p(y) = -y**3 + 9*y**2 - 7*y + 9. Calculate p(8).
17
Let b(x) = -2*x + 4. Give b(7).
-10
Let a(p) = p**3 - 7*p**2 + 3*p + 31. Determine a(6).
13
Let p(o) = 7*o**2 - 2*o + 1. Determine p(3).
58
Let r(y) = y**3 + y**2 + 23*y + 21. Determine r(-1).
-2
Let h(m) = m**3 + 6*m**2 - 9*m - 9. Determine h(-7).
5
Let b(a) = -4*a + 4. Calculate b(9).
-32
Let w(g) = -g**2 + 6*g + 9. Determine w(9).
-18
Let k(l) = -2*l**2 + 4*l + 4. Determine k(4).
-12
Let x(o) = -2*o**2 - 11*o - 5. Calculate x(-5).
0
Let z(t) = 2*t**2 - 6*t - 21. Determine z(5).
-1
Let z(n) = -n**2 + 3*n + 16. Determine z(5).
6
Let p(i) = -i**3 - i**2 + i + 1. Determine p(0).
1
Let u(t) = -23*t - 1. Determine u(3).
-70
Let u(i) = -3*i + 38. Determine u(11).
5
Let a(c) = -33*c**2 + 8*c - 7. What is a(2)?
-123
Let t(k) = -k**3 - 15*k**2 + 16*k + 24. Give t(-16).
24
Let a(m) = -2*m**2 + 17*m + 8. Give a(9).
-1
Let r(t) = -2*t**3 + 97*t**2 + 48*t + 45. Determine r(49).
-4
Let m(i) = -6*i - 18. Give m(-2).
-6
Let f(m) = m**3 + 3*m**2 - 3*m + 2. Give f(-4).
-2
Let z(c) = -2*c**2 + 6. Calculate z(0).
6
Let k(a) = a**3 - a**2 - a - 3. Calculate k(3).
12
Let m(x) = x**3 + 7*x**2 + x - 10. Give m(-7).
-17
Let z(x) = -3*x + 14. Calculate z(6).
-4
Let q(x) = x**3 + 27*x**2 + 27*x + 20. What is q(-26)?
-6
Let o(j) = j + 13. Determine o(7).
20
Let h(u) = 2*u - 19. What is h(-16)?
-51
Let y(a) = a**2 - 8*a + 7. Give y(5).
-8
Let y(d) = 4*d - 124. What is y(30)?
-4
Let u(k) = 16*k - 74. Calculate u(4).
-10
Let s(q) = -q**2 + 19*q - 27. Calculate s(8).
61
Let s(z) = z**2 - 16*z + 54. Give s(6).
-6
Let w(a) = 5*a**2 + 3*a + 3. Determine w(-3).
39
Let c(d) = -d**2 + 3*d. Give c(-3).
-18
Let l(u) = -u - 13. Calculate l(-6).
-7
Let s(h) = 4*h + 1. Calculate s(-3).
-11
Let k(f) = -13*f - 4. Calculate k(-6).
74
Let k(s) = 3*s**3 + s**2 - 6*s + 3. What is k(-3)?
-51
Let c(o) = 9*o + 10. Calculate c(-3).
-17
Let n(j) = -10*j - 4. What is n(3)?
-34
Let v(o) = -2*o**3 + 3*o**2 + 5*o + 4. What is v(0)?
4
Let m(t) = -9*t + 9. Give m(4).
-27
Let o(g) = g**3 + g**2 + 4*g + 1. Give o(-3).
-29
Let o(c) = c**2 - 5*c - 13. What is o(6)?
-7
Let y(k) = 7*k + 20. Give y(-5).
-15
Let k(j) = -j**3 + 23*j**2 - 91*j + 20. Determine k(18).
2
Let b(d) = d**3 - 6*d**2 + 5*d + 4. Give b(6).
34
Let q(i) = -i**2 - 15*i - 29. Determine q(-13).
-3
Let z(v) = -31*v + 29. Calculate z(1).
-2
Let p(d) = d**2 - 19*d + 27. What is p(16)?
-21
Let k(i) = 9*i**2 - 4*i - 2. Calculate k(-1).
11
Let q(x) = -6*x - 13. Determine q(-3).
5
Let s(q) = -q**3 - 10*q - 23. What is s(-2)?
5
Let y(c) = -2*c + 17. What is y(13)?
-9
Let o(f) = -19*f**3 + f - 1. What is o(1)?
-19
Let l(v) = -v**3 - 3*v**2 + v + 2. What is l(-3)?
-1
Let p(a) = 5*a**3 + 3*a**2 - 4*a + 4. Calculate p(2).
48
Let c(i) = 2*i**3 - 10*i**2 + 19*i + 9. Determine c(4).
53
Let q(t) = -t**3 - 16*t**2 + 33*t + 6. Give q(-18).
60
Let d(n) = -n**3 - 9*n**2 - 2*n + 3. What is d(-8)?
-45
Let k(n) = -n**3 + 6*n**2 + 10*n + 42. Determine k(8).
-6
Let k(p) = 12*p**2 - p - 2. Determine k(-1).
11
Let j(q) = q**3 - 12*q**2 + 31*q - 9. Calculate j(3).
3
Let w(t) = t**3 + 11*t**2 + 5*t - 11. Calculate w(-11).
-66
Let d(s) = -4*s - 44. What is d(-12)?
4
Let x(z) = 2*z**2 + 4*z - 7. Give x(-3).
-1
Let q(j) = j**3 + j**2 - j + 32. Calculate q(0).
32
Let f(v) = -v + 15. Calculate f(18).
-3
Let k(y) = -y**3 - 30*y**2 - 54*y + 64. Give k(-28).
8
Let z(p) = -p**3 - 9*p**2 - 7*p - 3. Determine z(-8).
-11
Let w(u) = 29*u**2 + 2*u - 1. What is w(1)?
30
Let h(y) = -18*y**2 - 182*y - 21. Determine h(-10).
-1
Let h(z) = 2*z**3 - 11*z**2 + 13*z - 3. Determine h(5).
37
Let f(n) = 2*n**2 - 26*n - 10. Determine f(14).
18
Let y(t) = -4*t + 15. Give y(-12).
63
Let u(p) = -2*p**2 - 19*p - 17. Calculate u(-10).
-27
Let z(d) = d**3 - 18*d**2 - 26*d - 276. Give z(20).
4
Let i(y) = y**2 - 5. Determine i(4).
11
Let l(z) = 3*z**2 + 6*z. Calculate l(-5).
45
Let s(z) = -6*z - 28. Calculate s(-4).
-4
Let p(a) = -a**3 - a**2 + 7. What is p(-3)?
25
Let p(w) = -w**2 - 9*w + 7. Give p(-7).
21
Let w(b) = -5*b + 41. Calculate w(0).
41
Let i(p) = -9*p**2 + 4*p - 1. Give i(1).
-6
Let p(s) = -17*s - 1. Determine p(-1).
16
Let t(f) = -6*f**3 - 3*f**2 - 3*f - 4. Calculate t(-3).
140
Let h(s) = -4*s**3 + 3*s**2 + 2*s - 2. Calculate h(3).
-77
Let n(t) = t - 17. Give n(-14).
-31
Let p(o) = o**2 - 29*o + 119. Determine p(8).
-49
Let r(g) = g**3 - g**2 - 2*g + 3. What is r(2)?
3
Let y(a) = -7*a + 4. Give y(1).
-3
Let h(t) = -t**3 + 7*t**2 + 8*t - 17. Calculate h(7).
39
Let d(s) = s**3 - 6*s**2 + 4*s + 8. What is d(4)?
-8
Let p(u) = u**2 + 16*u + 13. What is p(-10)?
-47
Let u(c) = c**3 + 23*c**2 + 24*c + 53. What is u(-22)?
9
Let d(k) = -k**2 - 15*k + 26. Calculate d(-16).
10
Let w(m) = -3*m**3 + 4*m**2 - 4*m + 3. What is w(3)?
-54
Let g(y) = y**2 - 9*y + 6. Calculate g(7).
-8
Let o(x) = x**2 + 5*x - 7. Determine o(-6).
-1
Let p(r) = -2*r**2 + 9*r + 3. Give p(4).
7
Let z(m) = m - 40. What is z(-8)?
-48
Let o(l) = l**3 - 16*l**2 + 3*l - 24. Calculate o(16).
24
Let m(q) = q**2 + 13*q + 33. What is m(-9)?
-3
Let r(q) = 4*q - 33. Determine r(12).
15
Let v(h) = h**3 - 4*h**2 - 9*h + 4. What is v(6)?
22
Let k(u) = -2*u**2 + 13*u - 13. Calculate k(13).
-182
Let y(m) = -6*m + 3. Give y(2).
-9
Let v(i) = -i**3 + 5*i**2 - 12*i + 21. Give v(5).
-39
Let r(l) = 2*l**2 + 3*l - 3. Give r(2).
11
Let w(s) = -6*s**2 + s + 2. Give w(2).
-20
Let p(g) = g**3 + 18*g**2 - 5*g + 20. Calculate p(-18).
110
Let q(x) = -x**3 - 11*x**2 + 22*x + 8. Determine q(-12).
-112
Let g(u) = u**2 + 31*u - 361. Give g(-40).
-1
Let j(z) = 4*z + 13. Give j(-4).
-3
Let w(r) = -r**3 - 3*r**2 + 20*r + 9. Determine w(-6).
-3
Let c(y) = -6*y + 73. Calculate c(13).
-5
Let h(m) = 2*m + 7. Calculate h(-4).
-1
Let u(s) = -8*s - 155. Calculate u(-20).
5
Let s(l) = l**2 + 7*l + 7. Give s(-5).
-3
Let r(u) = -u + 17. What is r(16)?
1
Let l(c) = -c**2 - c - 19. Give l(0).
-19
Let l(m) = 2*m**2 + 32*m + 50. Determine l(-14).
-6
Let x(q) = q**2 + 7*q + 10. Determine x(-7).
10
Let t(z) = -z**3 - 6*z**2 - 9*z - 7. What is t(-4)?
-3
Let h(u) = -16*u**2 - 92*u + 2. Calculate h(-6).
-22
Let m(b) = b**3 + 17*b**2 + 31*b + 9. What is m(-15)?
-6
Let q(n) = 3*n + 22. Calculate q(-11).
-11
Let z(i) = -5*i**3 - 2*i**2 - 2*i + 2. What is z(1)?
-7
Let c(x) = -x + 20. What is c(-9)?
29
Let w(q) = -68*q + 121. What is w(2)?
-15
Let s(i) = i**2 - 11*i + 28. Give s(14).
70
Let f(s) = -2*s - 9. Calculate f(6).
-21
Let b(a) = -9*a**2 + 6. Give b(2).
-30
Let w(x) = x**2 - 9*x - 1. Determine w(12).
35
Let k(h) = -h + 3. Give k(-1).
4
Let z(j) = -3*j + 34. What is z(9)?
7
Let s(z) = -15*z**2 - 210*z - 5. What is s(-14)?
-5
Let o(f) = f**2 - 2*f - 2. Determine o(8).
46
Let t(h) = 34*h + 24. Give t(-3).
-78
Let u(g) = -73*g + 429. Give u(6).
-9
Let c(b) = 13*b - 12. Give c(5).
53
Let l(w) = -w**3 - 30*w**2 - 30*w - 35. Determine l(-29).
-6
Let i(z) = -z + 21. Give i(14).
7
Let j(r) = -r**3 + 2*r**2 + 3*r + 6. Give j(3).
6
Let g(f) = f**2 - 13*f + 21. Determine g(10).
-9
Let i(p) = p**3 + 5*p**2 - 4*p - 13. Determine i(-5).
7
Let r(l) = l**2 - 8*l + 6. What is r(7)?
-1
Let i(m) = m**2 + 13*m + 11. What is i(-11)?
-11
Let z(a) = a**3 + 3*a - 1. Calculate z(-3).
-37
Let g(x) = -x**2 - 18*x - 54. Give g(-15).
-9
Let g(c) = -2*c**2 - 10*c - 9. Determine g(-5).
-9
Let y(u) = 2*u**3 + 14*u**2 + 26